{"id":249,"date":"2026-04-20T18:05:48","date_gmt":"2026-04-20T18:05:48","guid":{"rendered":"https:\/\/jesusarancibia.fpcei.eu\/?page_id=249"},"modified":"2026-04-20T18:05:48","modified_gmt":"2026-04-20T18:05:48","slug":"categorias","status":"publish","type":"page","link":"https:\/\/jesusarancibia.fpcei.eu\/?page_id=249","title":{"rendered":"Categorias"},"content":{"rendered":"\n<p>Aqu\u00ed tienes los textos organizados por bloques tem\u00e1ticos para que puedas copiarlos directamente en las secciones de tu web:<\/p>\n\n\n\n<p><strong>Secci\u00f3n Mujer<\/strong> Explora nuestra selecci\u00f3n para mujer dise\u00f1ada para cada momento del d\u00eda. Desde partes de arriba esenciales como camisetas, blusas y tops vers\u00e1tiles, hasta una amplia gama de partes de abajo que incluyen vaqueros de corte perfecto, pantalones fluidos y faldas con estilo. Descubre nuestra colecci\u00f3n de vestidos y monos para ocasiones especiales o mantente abrigada con nuestra l\u00ednea de punto y chaquetas de temporada.<\/p>\n\n\n\n<p><strong>Secci\u00f3n Hombre<\/strong> Renueva tu armario con lo mejor en moda masculina. Contamos con b\u00e1sicos de alta calidad como camisetas y polos, junto a una cuidada selecci\u00f3n de camisas tanto formales como casuales. Nuestra variedad de pantalones abarca desde el denim m\u00e1s resistente hasta chinos y bermudas c\u00f3modas. Para los d\u00edas m\u00e1s fr\u00edos, explora nuestras sudaderas, bombers y parkas que combinan funcionalidad y tendencia.<\/p>\n\n\n\n<p><strong>Complementos y Calzado<\/strong> El detalle final que define tu estilo. En nuestra secci\u00f3n de accesorios encontrar\u00e1s bolsos, cinturones, gorros y joyer\u00eda para personalizar cualquier look. Adem\u00e1s, completa tu outfit con nuestra colecci\u00f3n de calzado, que incluye desde zapatillas urbanas y botas resistentes hasta sandalias ligeras para el verano.<\/p>\n","protected":false},"excerpt":{"rendered":"<p>Aqu\u00ed tienes los textos organizados por bloques tem\u00e1ticos para que puedas copiarlos directamente en las secciones de tu web: Secci\u00f3n Mujer Explora nuestra selecci\u00f3n para mujer dise\u00f1ada para cada momento del d\u00eda. Desde partes de arriba esenciales como camisetas, blusas y tops vers\u00e1tiles, hasta una amplia gama de partes de abajo que incluyen vaqueros de [&hellip;]<\/p>\n","protected":false},"author":2,"featured_media":0,"parent":0,"menu_order":0,"comment_status":"closed","ping_status":"closed","template":"page-with-title","meta":{"footnotes":""},"class_list":["post-249","page","type-page","status-publish","hentry"],"_links":{"self":[{"href":"https:\/\/jesusarancibia.fpcei.eu\/index.php?rest_route=\/wp\/v2\/pages\/249","targetHints":{"allow":["GET"]}}],"collection":[{"href":"https:\/\/jesusarancibia.fpcei.eu\/index.php?rest_route=\/wp\/v2\/pages"}],"about":[{"href":"https:\/\/jesusarancibia.fpcei.eu\/index.php?rest_route=\/wp\/v2\/types\/page"}],"author":[{"embeddable":true,"href":"https:\/\/jesusarancibia.fpcei.eu\/index.php?rest_route=\/wp\/v2\/users\/2"}],"replies":[{"embeddable":true,"href":"https:\/\/jesusarancibia.fpcei.eu\/index.php?rest_route=%2Fwp%2Fv2%2Fcomments&post=249"}],"version-history":[{"count":1,"href":"https:\/\/jesusarancibia.fpcei.eu\/index.php?rest_route=\/wp\/v2\/pages\/249\/revisions"}],"predecessor-version":[{"id":250,"href":"https:\/\/jesusarancibia.fpcei.eu\/index.php?rest_route=\/wp\/v2\/pages\/249\/revisions\/250"}],"wp:attachment":[{"href":"https:\/\/jesusarancibia.fpcei.eu\/index.php?rest_route=%2Fwp%2Fv2%2Fmedia&parent=249"}],"curies":[{"name":"wp","href":"https:\/\/api.w.org\/{rel}","templated":true}]}}